he remainder when 13522508 is divided by 150?
8
What is the remainder when 2328342 is divided by 45?
42
Calculate the remainder when 320584 is divided by 930.
664
What is the remainder when 25324454 is divided by 4?
2
What is the remainder when 2065678 is divided by 304?
302
Calculate the remainder when 22180 is divided by 8500.
5180
Calculate the remainder when 17133 is divided by 364.
25
Calculate the remainder when 49499 is divided by 105.
44
What is the remainder when 68281 is divided by 21289?
4414
Calculate the remainder when 118468452 is divided by 1974474.
12
What is the remainder when 844831 is divided by 272?
271
What is the remainder when 8122 is divided by 7955?
167
What is the remainder when 8355004 is divided by 16?
12
What is the remainder when 152325 is divided by 1047?
510
What is the remainder when 195810 is divided by 95609?
4592
What is the remainder when 131851 is divided by 3628?
1243
What is the remainder when 1231867 is divided by 123170?
167
Calculate the remainder when 12143369 is divided by 485734.
19
What is the remainder when 56716896 is divided by 9384?
0
What is the remainder when 13789 is divided by 4430?
499
Calculate the remainder when 1201238 is divided by 33367.
26
What is the remainder when 27410079 is divided by 1826?
1819
Calculate the remainder when 3806354 is divided by 899.
887
What is the remainder when 139963 is divided by 3408?
235
Calculate the remainder when 3797749 is divided by 20.
9
What is the remainder when 1902896 is divided by 4286?
4198
What is the remainder when 2593118 is divided by 738?
524
Calculate the remainder when 8796449 is divided by 93579.
23
What is the remainder when 2318 is divided by 7?
1
What is the remainder when 51674 is divided by 2350?
2324
Calculate the remainder when 5152757 is divided by 256.
245
What is the remainder when 121593 is divided by 17027?
2404
What is the remainder when 54972638 is divided by 169?
149
Calculate the remainder when 45649942 is divided by 101.
63
What is the remainder when 227692 is divided by 2070?
2062
Calculate the remainder when 2810125 is divided by 2408.
2397
What is the remainder when 47973958 is divided by 211339?
5
Calculate the remainder when 7201259 is divided by 73.
28
What is the remainder when 33130 is divided by 4041?
802
What is the remainder when 41637214 is divided by 67?
64
Calculate the remainder when 10014 is divided by 3133.
615
Calculate the remainder when 15907266 is divided by 457.
10
Calculate the remainder when 1949500779 is divided by 56.
51
What is the remainder when 2668876 is divided by 2668863?
13
What is the remainder when 321939 is divided by 466?
399
What is the remainder when 38720958 is divided by 320?
318
What is the remainder when 2378847 is divided by 23322?
3
Calculate the remainder when 39569997 is divided by 500.
497
What is the remainder when 4210519 is divided by 36?
31
What is the remainder when 298464 is divided by 148448?
1568
What is the remainder when 191657094 is divided by 11117?
14
Calculate the remainder when 52531841 is divided by 93307.
0
What is the remainder when 11330433 is divided by 73574?
37
What is the remainder when 151384 is divided by 7965?
49
What is the remainder when 303053 is divided by 18?
5
What is the remainder when 232172113 is divided by 74?
73
What is the remainder when 2429992 is divided by 1620?
1612
What is the remainder when 8999078 is divided by 72?
14
What is the remainder when 335750 is divided by 33574?
10
What is the remainder when 414244 is divided by 96?
4
Calculate the remainder when 243143 is divided by 2380.
383
What is the remainder when 58550 is divided by 2431?
206
What is the remainder when 22745044 is divided by 5444?
12
What is the remainder when 65230 is divided by 32467?
296
Calculate the remainder when 69571 is divided by 17.
7
What is the remainder when 336715 is divided by 47281?
5748
Calculate the remainder when 99163573 is divided by 33054513.
34
What is the remainder when 4380804 is divided by 656?
36
What is the remainder when 4590796 is divided by 6?
4
Calculate the remainder when 97699 is divided by 11429.
6267
Calculate the remainder when 354573 is divided by 778.
583
What is the remainder when 132419680 is divided by 16552454?
48
Calculate the remainder when 2086776 is divided by 108.
0
What is the remainder when 611599 is divided by 717?
715
Calculate the remainder when 898667 is divided by 1402.
1387
What is the remainder when 1802633 is divided by 1036?
1029
Calculate the remainder when 7152207 is divided by 183.
18
Calculate the remainder when 18896 is divided by 5707.
1775
Calculate the remainder when 11185225 is divided by 4155.
4120
Calculate the remainder when 22853261 is divided by 152355.
11
Calculate the remainder when 131389 is divided by 32717.
521
Calculate the remainder when 125663 is divided by 31373.
171
Calculate the remainder when 2505569 is divided by 881.
5
What is the remainder when 786634 is divided by 2649?
2530
What is the remainder when 63949771 is divided by 86?
85
Calculate the remainder when 2357424 is divided by 2066.
118
Calculate the remainder when 1806945648 is divided by 303.
300
Calculate the remainder when 6393353 is divided by 51.
44
What is the remainder when 7388387 is divided by 671670?
17
Calculate the remainder when 230543947 is divided by 26.
23
What is the remainder when 9790721 is divided by 9790713?
8
Calculate the remainder when 1722021 is divided by 541.
18
Calculate the remainder when 1240364 is divided by 1215.
1064
What is the remainder when 17150366 is divided by 243?
155
What is the remainder when 21831718 is divided by 13?
12
What is the remainder when 3625332 is divided by 88?
84
Calculate the remainder when 2503029 is divided by 2502918.
111
What is the remainder when 87323239 is divided by 1291?
1290
Calculate the remainder when 17772 is divided by 364.
300
Calculate the remainder when 5360326 is divided by 123.
109
Calculate the remainder when 554762 is divided by 103.
4
What is the remainder when 1881634 is divided by 118?
6
Calculate the remainder when 90303 is divided by 1171.
136
What is the remainder when 39571426 is divided by 348?
346
Calculate the remainder when 47120245 is divided by 8977.
8949
Calculate the remainder when 93532 is divided by 18701.
27
Calculate the remainder when 17210807 is divided by 407.
405
Calculate the remainder when 5879405 is divided by 979870.
185
Calculate the remainder when 116899 is divided by 66.
13
Calculate the remainder when 1304881 is divided by 3246.
3235
What is the remainder when 4564909 is divided by 101?
12
Calculate the remainder when 1031721698 is divided by 86.
80
What is the remainder when 20924225 is divided by 2067?
2051
What is the remainder when 7188428 is divided by 374?
148
What is the remainder when 2119209 is divided by 353196?
33
Calculate the remainder when 454267 is divided by 457.
9
What is the remainder when 4887204 is divided by 972?
960
Calculate the remainder when 1234037 is divided by 578.
7
Calculate the remainder when 32750827 is divided by 10299.
7
Calculate the remainder when 128313205 is divided by 4840.
4805
What is the remainder when 432265 is divided by 248?
1
What is the remainder when 67071551 is divided by 29482?
1
Calculate the remainder when 21911471 is divided by 324.
323
Calculate the remainder when 65949816 is divided by 19.
18
Calculate the remainder when 110968 is divided by 702.
52
Calculate the remainder when 76595 is divided by 8480.
275
Calculate the remainder when 57467 is divided by 1369.
1338
What is the remainder when 48315 is divided by 1074?
1059
Calculate the remainder when 5075846 is divided by 634445.
286
Calculate the remainder when 18270658 is divided by 124290.
28
What is the remainder when 5162900 is divided by 146?
48
What is the remainder when 238328 is divided by 2483?
2443
What is the remainder when 619064 is divided by 508?
320
What is the remainder when 15028465 is divided by 1669822?
67
Calculate the remainder when 2436014 is divided by 1413.
2
Calculate the remainder when 45104 is divided by 2547.
1805
What is the remainder when 39574280 is divided by 7914853?
15
What is the remainder when 993356182 is divided by 24?
22
Calculate the remainder when 172006 is div